 Let a = q - -46. Calculate the highest common divisor of a and 6.
6
Let w be ((-8)/(-2)*1)/2. Let g = 1 + w. What is the greatest common factor of 9 and g?
3
Suppose -12 = -2*i + i. Let f(t) = t**3 - 10*t**2 - 9*t + 2. Let s be f(11). What is the highest common factor of s and i?
12
Let d(n) = n**2 + 14*n + 5. Let l be d(-14). Let k = 3 + -2. Calculate the highest common divisor of k and l.
1
Let i(q) = -9*q + 3. Let k be i(-5). Suppose -3*f - 26 = -4*f. Suppose 0 = 5*z - f - 4. Calculate the highest common factor of z and k.
6
Let h = 33 + 36. What is the highest common divisor of 115 and h?
23
Let q be 11/(-33) - (-25)/3. What is the greatest common factor of 2 and q?
2
Suppose -85 - 35 = -2*h. What is the greatest common divisor of h and 15?
15
Suppose 2 = 4*a + 3*y - 12, 4*y + 18 = 2*a. Suppose 0 = -u + a*u. Let k(h) = h**3 - h**2 + 14. Let s be k(u). Calculate the highest common divisor of 14 and s.
14
Let b = 43 - 32. What is the highest common factor of b and 55?
11
Let z = 80 - -24. Suppose 3*m + 3*n - 42 = 0, -5*m - 2*n = -88 + 21. Calculate the highest common factor of z and m.
13
Let x be (-1 - 0)/(2/12). Let q = x + 10. Let o = 14 - 8. Calculate the highest common factor of q and o.
2
Suppose 3*s = 5*w + 504, -4*w = -5*s - 5*w + 840. Calculate the greatest common factor of 24 and s.
24
Let y be 1/4 - 51/(-4). Let p = -28 + 52. Let w = p - -15. Calculate the greatest common divisor of w and y.
13
Let j = -25 - -87. What is the greatest common factor of j and 155?
31
Let t(k) = 7*k + 2*k**2 + 3 - 4 - 3*k**2. Let u be t(6). Suppose 3*c - h - 268 = -0*h, u*c - 450 = h. What is the highest common divisor of 13 and c?
13
Let o = 222 - 159. Let a = o + -31. Suppose 2*h = h + 3*p, -p = -3*h + a. What is the highest common factor of 84 and h?
12
Let v = 15 + -5. What is the highest common factor of 50 and v?
10
Let k(j) = 3*j**2 - j - 1. Let g be k(2). Suppose -8*s = -2*s - 6. Suppose -s - g = -h. What is the highest common factor of 10 and h?
10
Suppose 0 = -2*q + q + 60. Suppose v - 2*v + 41 = 0. Suppose 5*c = v + 9. What is the greatest common divisor of q and c?
10
Let s(u) be the first derivative of u**2/2 + u + 2. Suppose -3*g = 2*g - 4*m + 4, 3*m = 3. Let c be s(g). Calculate the highest common divisor of 9 and c.
1
Suppose -3*d + 9 = p - 6, 5*d - 2*p = 25. Let j(b) = b + 8. Let g be j(-6). Calculate the greatest common factor of d and g.
1
Let g(n) = 7*n**3 - 4*n**2 + 3*n - 2. Let b be g(3). What is the highest common factor of 20 and b?
20
Let q = 11 - 16. Let o be 315/25 - (-3)/q. Calculate the greatest common factor of o and 96.
12
Suppose 2*u = 4*y + 65 - 17, 3*y + 43 = 2*u. Calculate the highest common factor of 2 and u.
2
Suppose 827 = 17*y - 329. What is the highest common divisor of y and 34?
34
Let q = 36 - 3. Suppose 0 = 2*y + 4*x + 8, -5*y + y + 3*x = 38. Let z be 2/y*2*-6. What is the greatest common divisor of z and q?
3
Let u be 2/(-8) - (-287)/28. Suppose -4*g + 4 = 0, -5*g - 69 = 3*t + 556. Let r be (t/(-8))/(3/8). What is the greatest common divisor of u and r?
10
Suppose 4*o - 3*o = 1. Let a be (-62)/(-3) + o/3. Calculate the highest common factor of a and 105.
21
Let i = -80 - -129. Let v be ((-42)/4)/(-3)*2. What is the greatest common divisor of v and i?
7
Let t(r) = r**3 + 2*r**2 - r - 1. Let q be t(-3). Let k = q + 11. Suppose -5 = -k*x + 7. What is the highest common divisor of 24 and x?
3
Suppose -5*z = -4 - 6. Let c(h) = h**3 - 6*h + h + 3*h**2 + z*h. Let j be c(3). Calculate the greatest common divisor of j and 9.
9
Let p(r) = r**3 + 3*r**2 - 11*r - 4. Let b be p(-5). Calculate the greatest common factor of 1 and b.
1
Let z be (-16)/(-12)*18/4. Let j(o) = o**3 - 5*o**2 + 2*o. Let s be j(z). What is the greatest common factor of 8 and s?
8
Suppose 0 = 3*i - 4*x - 39, -4*x = -2*i + 6*i - 24. Suppose -4*m = 3*k - 14 - 10, -k = -2*m + 22. Calculate the greatest common divisor of m and i.
9
Let x = 158 - 113. Calculate the greatest common divisor of 225 and x.
45
Let g be -1 + -2*(-10)/(-4). Let u be 0/((-5)/(15/g)). Let c be 7 - (-1)/(u - -1). What is the highest common factor of c and 40?
8
Suppose 56 = 3*x - 4*l + 18, 4 = -x - 2*l. Let s be (x - 9)/(1/(-13)). What is the greatest common divisor of 13 and s?
13
Suppose -171 - 359 = -5*b + 5*w, 4*w = b - 94. Suppose 42 = 4*i - p, -56 = 2*i - 7*i + 3*p. Calculate the highest common factor of b and i.
10
Suppose -192 = -2*w - 3*v, -3*v - 67 = -w + 11. Suppose 6*t = t + w. Suppose -d + 4*i + 8 = 3*d, 4*d = i + 20. Calculate the greatest common divisor of d and t.
6
Suppose -6*t - 17 = -137. What is the greatest common divisor of 10 and t?
10
Suppose -36 = 3*o - 72. What is the greatest common divisor of o and 12?
12
Suppose u - 8*u = -119. What is the highest common divisor of u and 187?
17
Suppose 5*w + 25 + 15 = 0. Let i(u) = -12*u - 5. Let s be i(w). Calculate the highest common factor of 13 and s.
13
Let d(c) = c**3 - 5*c**2 - 8. Let n be d(6). Let i = n - 7. Suppose 0 = 2*j - 6*j + 12. What is the highest common divisor of i and j?
3
Let t(u) = -u - 7. Let m be t(-13). What is the highest common divisor of 6 and m?
6
Suppose -g - 4*h + 7 = -6, -g + 4*h + 37 = 0. Let s = g - -15. What is the highest common factor of 60 and s?
20
Let d = 93 + -71. Calculate the highest common divisor of d and 11.
11
Let p(i) = 4*i**2 + 2*i - 2. Let d be p(-2). Let k = 14 - d. Calculate the highest common factor of 8 and k.
4
Let d = -2 + 7. Suppose -d = 3*s + 2*t, -2*s - 4*t = -s - 5. Let a(r) = -5*r - 1. Let v be a(s). What is the greatest common factor of v and 7?
7
Suppose 4*p - 5*t = -0*p + 231, -4*p + 222 = -2*t. What is the highest common factor of 36 and p?
18
Let p be 5/(-25) - 52/(-10). Let c = 9 + -6. Suppose 7 = c*z + 1. Calculate the greatest common factor of p and z.
1
Let j = 190 - 112. Calculate the greatest common divisor of j and 12.
6
Let c(f) = 2*f. Let m(x) = x**3 - 4*x**2 + 3. Let q be m(4). Let g be c(q). What is the greatest common factor of 3 and g?
3
Let n(r) = r - 6. Let i be n(0). Let h be (-5)/(45/12)*i. Suppose -y + 28 = u, -u = 5*y - h - 20. What is the highest common factor of u and 70?
14
Let m = -223 + 233. Let q = 4 - 2. What is the greatest common divisor of q and m?
2
Suppose 3*b - 24 = b. Let o(l) = -l**3 - 3*l**2 + 6*l + 4. Let x be o(-5). What is the highest common divisor of x and b?
12
Let g = -6 - -10. Suppose 5*w - 7*w = -g. Suppose -116 = -3*k + 4*m, 5*k + 2*m - 122 = w*k. What is the greatest common divisor of k and 16?
8
Suppose 0 = -2*n + 3*n - 3*d + 1, -3*d + 31 = 5*n. What is the greatest common factor of 5 and n?
5
Let y = -3 + 3. Suppose y = 4*i + 2*l + 20, -51 = 5*i - 2*l - 2*l. Let p(s) = s**2 + 5*s - 6. Let v be p(i). Calculate the highest common divisor of 8 and v.
8
Let b(y) = -y**2 + 7*y - 16. Let r be b(7). Let m = 21 + r. Calculate the greatest common divisor of m and 25.
5
Let k(i) = i**3 + 8*i**2 - i - 3. Let z be k(-8). Suppose -z*p + 31 = -14. What is the highest common divisor of p and 36?
9
Let g(x) = -x + 2. Let q be g(-2). Suppose -u - 5*j + 48 = -3*j, 5*j - 230 = -5*u. Calculate the highest common factor of u and q.
4
Suppose 2*m = 165 - 43. Suppose 0 = 5*d - 2*b - m, 3*b = -d + 2 - 0. Suppose z - 42 = 57. Calculate the greatest common divisor of d and z.
11
Suppose 584 = 4*k - 120. Suppose -f = -2*h + 2*f + 27, h = -f + 21. Suppose c + 2 = h. What is the greatest common divisor of c and k?
16
Suppose -10 = 5*d - 25. Suppose 0 - 3 = -s. Calculate the greatest common factor of s and d.
3
Suppose -t + 8 = t. Suppose 5*r + 66 = -t*p + 226, -3*p - 159 = -4*r. Calculate the highest common divisor of 18 and r.
18
Let i(m) = m**3 - m**2 - m + 20. Let b be i(0). Let n be ((-2)/6)/(1/(-15)). What is the highest common factor of b and n?
5
Let v(r) = r**2 + 7*r + 5. Let k be v(-7). Let n = 45 + -5. Calculate the greatest common divisor of k and n.
5
Let u = 772 - 443. Suppose 2*n + u = 111. Let d be 0 - (n + (-3)/(-3)). What is the greatest common factor of 12 and d?
12
Let i be 25 + 3/((-9)/12). Calculate the highest common factor of i and 168.
21
Suppose -k + 0*k + 3 = 0. Suppose 0*x + k*x = 6. Suppose 100 = s - x*u, 0*s + 99 = s - u. What is the highest common divisor of s and 14?
14
Let x = 5 + -1. Suppose 0 =